of v/11 + (-4 - (-46)/11).
61
Suppose -40 = -4*h + 4*i, 0 = 3*h + i - 19 - 15. Suppose -m + 1507 = 5*p, -4*p + 7556 = -6*m + h*m. List the prime factors of m.
2, 3, 7
Let n(v) = -24 + 11*v + 22 - 12. List the prime factors of n(17).
173
Suppose k + 2339 = -3*z + 10137, -4 = -k. What are the prime factors of z?
2, 3, 433
Let t(l) = -208*l + 40. Let n be t(-3). Let q = 1188 - n. What are the prime factors of q?
2, 131
Let l(o) = -13*o**2 + 9*o - 16. Let n be l(4). Let x = 208 + n. List the prime factors of x.
2, 5
Let v = 289 - 290. List the prime factors of 195 - (0 - (-1)/v).
2, 7
Let f(a) = -a**3 - a**2 + 7*a + 683. Let l be (1 + -1)*(-4 + 1)/6. List the prime factors of f(l).
683
Let r(t) = 5*t**3 - 4*t**2 - 37*t + 16. List the prime factors of r(11).
2, 5, 17
Let q(c) = -125*c - 39. Let x(l) = -62*l - 19. Let r(v) = 4*q(v) - 9*x(v). Let d be r(6). Suppose -5*m + 8*m - d = 0. List the prime factors of m.
11
Let i be 2/18 - (-494)/171. Suppose 0 = 5*z + i*c - 1923, -4*z + c - 601 = -2153. What are the prime factors of z?
3, 43
Let f be (1/2)/((-55)/(-1210)). Suppose f*u - 2506 - 486 = 0. List the prime factors of u.
2, 17
Suppose -4*f + 0*w + 64 = -5*w, 0 = 3*f + 2*w - 25. Let d(t) = t - 28. Let l(v) = v - 30. Let r(g) = -5*d(g) + 4*l(g). What are the prime factors of r(f)?
3
Suppose 4*x + 3*z + 47 = 1850, -5*x = -5*z - 2245. Suppose -2*w + x = 13*w. List the prime factors of w.
2, 3, 5
Suppose -2*p + 6 = 0, -2*y + 2*p = -6048 - 9344. List the prime factors of y.
7699
Let n be (-2*1 + 6)*(-105)/(-60). Suppose 0 = g - 1, -5*s - n - 9 = -g. What are the prime factors of 2/((6/(-152))/s)?
2, 19
Suppose -1848*f = -1853*f + 3*c + 132557, -4*c - 53006 = -2*f. What are the prime factors of f?
5, 5303
Suppose 17578 = -11*r + 12*r. List the prime factors of r.
2, 11, 17, 47
Let x = 84 - 294. Let s be -1 - (8/6 + (-15725)/51). Let m = x + s. What are the prime factors of m?
2, 3
Let u be (-4)/(-14) - (-2168)/7. Suppose 3 = -98*p + 95*p, 3*o + 219 = 3*p. Let b = u + o. List the prime factors of b.
2, 59
Let c = 13587 - 9671. List the prime factors of c.
2, 11, 89
Suppose 0 = 5*y - 2*f - 165, f + 129 = 7*y - 3*y. Let a = 11 + -19. Let l = y + a. What are the prime factors of l?
23
Suppose -4*s = -20*g + 215748, 52 - 45 = -s. What are the prime factors of g?
2, 5393
Suppose 1327 = -4*g + 3603. Let s = g - 227. List the prime factors of s.
2, 3, 19
Let d(u) = 2*u**2 - 4*u + 2. Let t = -53 + 53. Suppose 9*l + 1 + 35 = t. What are the prime factors of d(l)?
2, 5
Let x = -20 - -22. Suppose -x*a - 4*u - 2 = 0, 0 = -5*a + u - 6 + 23. Let f(p) = 12*p + 6. List the prime factors of f(a).
2, 3, 7
Suppose -g + 14033 - 4210 = 0. List the prime factors of g.
11, 19, 47
Let n(p) = 2*p**2 + 65*p + 105. Let c be n(-30). Suppose 2*y + 2*y = 0. What are the prime factors of (1 - (y - c))/((-1)/2)?
2, 11
What are the prime factors of 4 + (-242289)/(-54) - 3/(-18)?
3, 499
Suppose 0 = v - 0*v - 14. Suppose v*p = 13*p + 4. List the prime factors of 11/(22/216) - (p + -4).
2, 3
Suppose 7*x - 2*x - 4*w = -10, 5*x + w = -10. Let g be x + ((-6)/(-3) - 53). Let t = -47 - g. List the prime factors of t.
2, 3
Let n(r) = r**3 - r**2 + 2*r - 4. Let o be n(2). Suppose 4*a - 11 = -3*h, 5*h + o - 27 = -2*a. Suppose -1430 = -h*w - 100. What are the prime factors of w?
2, 7, 19
Suppose -17*y + 3*y = -757260. Suppose -41*u - 14320 = -y. List the prime factors of u.
2, 5, 97
Suppose -d = -4*d + 5*h + 768, 3*d - 768 = -3*h. Suppose -625 = -4*l + 3*t, 901 = 4*l + t + d. List the prime factors of l.
2, 5
Suppose -22*w + 157 = -63. List the prime factors of 5*(-6)/w - -386.
383
Suppose n + 235 = 792. Suppose -4*y - 5*z + n + 129 = 0, -5*y + 4*z = -878. Let o = y + -75. List the prime factors of o.
3, 11
Suppose l = -2*f + 63927, -2*f + 63907 = 115*l - 110*l. What are the prime factors of f?
2, 11, 1453
Suppose 7*q - 4*q - 91002 = v, -4*v - 60648 = -2*q. List the prime factors of q.
2, 3, 79
Let g(f) = -29*f - 17. Let r(c) = 59*c + 38. Let v(x) = -9*g(x) - 4*r(x). List the prime factors of v(16).
401
Let v be 19566/21 - 6/(-21). List the prime factors of 39/(-6) - -6 - v/(-8).
2, 29
Let y(b) = 21*b**2 + 2*b - 66*b**2 + 17*b**2 - 3*b + 39*b**2. Suppose -v - 3*x + 14 = 0, -v - x + 19 = 3*x. List the prime factors of y(v).
2, 3
Let x(r) = -6*r + 18*r - 3*r**2 + 14*r**2 + 22 + r**3. Let s be x(-10). Suppose -2*p = -s*y + 189 + 9, -3*y + 4*p = -301. What are the prime factors of y?
5, 19
Let g be ((-494)/4)/(-3 + 10/4). Suppose -g = -3*h + 68. List the prime factors of h.
3, 5, 7
Let b(d) = 9*d**2 + 121*d - 448. What are the prime factors of b(-43)?
2, 5, 7, 157
Let c(x) = 21*x**2 - 111*x - 97. What are the prime factors of c(-15)?
7, 29, 31
Let u(i) = i**3 + 18*i**2 - 2. Let y be u(-18). Let c(z) = -8*z**2 - 8*z - 11. Let r be c(y). Let f = r + 95. What are the prime factors of f?
2, 17
Suppose -3*a + 4*r + 1 = -2, 4*r - 12 = 0. Suppose -a*n + 27 = 2*c - 12, 5*c + 2*n = 45. Suppose 126 + 91 = c*f. List the prime factors of f.
31
Suppose -5*m + 4*r - 7*r + 225 = 0, -m + 5*r + 73 = 0. Let o = -24 - -56. Let q = m - o. List the prime factors of q.
2
Let j be (-4)/18 + 4 + (-15805)/(-45). Let x = j + -182. What are the prime factors of x?
173
Suppose 3*n = 2*f - 61233, 3*f = 8*f - 5*n - 153085. What are the prime factors of f?
2, 3, 7
Suppose -3*x + 3320 = b, x - 198 = -5*b + 904. What are the prime factors of x?
3, 41
Let a(l) = -12*l + 6. Let i be a(-4). Let y be (-36)/i + 1492/6. List the prime factors of ((-33)/22)/((-6)/y).
2, 31
Let q be (-1885)/26 + (-9)/(-6). List the prime factors of ((-14)/4 + 51/34)*q.
2, 71
Let c(i) = 7*i - 299. Let b be c(43). Suppose -b*o + 4*o - 190 = 0. What are the prime factors of o?
5, 19
Let m(l) = -69*l**3 - l**2 + 4*l. Let r(i) = -71*i**3 - 2*i**2 + 4*i. Let f(j) = 3*m(j) - 2*r(j). List the prime factors of f(-2).
2, 3, 43
Suppose -t + 4240 = -54*u + 58*u, 0 = t - 3*u - 4226. List the prime factors of t.
2, 23
Let h(n) = n**3 - 7*n**2 + 5*n + 13. Let i(w) = w**2 - 29*w + 6. Let p be i(29). Let t be h(p). List the prime factors of ((-19845)/(-10))/t + (-1)/(-2).
2, 71
Let f be (14/2)/7*-219. Let k = f + 417. What are the prime factors of k?
2, 3, 11
Let w(b) = 4*b**2 - 21*b - 1198. List the prime factors of w(60).
2, 7, 853
Suppose 26*q - 30*q = -8. Suppose 0 = -5*b - q*b - 0*b. Suppose b = 11*v - 28*v + 1037. What are the prime factors of v?
61
Suppose 6*y - 8*y = -3*a - 2661, 5*y - 6649 = 4*a. Let g = y - 396. List the prime factors of g.
3, 311
Let i(s) = -177*s**3 - 40*s**2 - 28*s - 14. What are the prime factors of i(-6)?
2, 7, 13, 29
Let d(g) = 543*g - 1005. List the prime factors of d(3).
2, 3, 13
Let u = -1674 - -1650. Let p(w) = -342*w. Let y be p(1). What are the prime factors of (y/u)/(12/80)?
5, 19
Let n(v) = -7*v - 64. Let c = -159 + 146. List the prime factors of n(c).
3
Let w(x) = -2*x**3 - 49*x**2 + 65*x - 171. List the prime factors of w(-38).
19, 1913
Let n(r) = r**3 - 34*r**2 - 33*r - 73. Let y be n(35). List the prime factors of ((-9540)/(-80))/(y/(-8)).
2, 3, 53
Suppose -2*h - 4*a = -70794, 672*h - 667*h - 4*a - 176887 = 0. List the prime factors of h.
41, 863
Let i = 376 + -347. List the prime factors of i/87 + 1220/3.
11, 37
Suppose -21*o + 14*o - 84 = 0. Let k = o + 591. What are the prime factors of k?
3, 193
Let a = 3 - -8. Let m(x) = -16 - a*x**2 - 2*x + 24*x**2 - 10*x**2. List the prime factors of m(7).
3, 13
Let k be -67*12/4*(-3)/1. Let q be 16*k/24*2 + -1. Suppose -2*v = -3*d - 278 + q, -4*d = 3*v - 700. What are the prime factors of d?
5, 7
Suppose 0 = -2*i - 3*o + 7*o + 13986, -34997 = -5*i + 2*o. What are the prime factors of i?
7001
Suppose 4*f = -0*f. Let t = 506 - 497. Suppose t*c - 6*c - 183 = f. What are the prime factors of c?
61
Let s be (-1)/(4/38)*8. Let t(r) = -2*r**3 + 32*r**2 + 35*r - 13. Let l be t(17). What are the prime factors of 2 - s - (5 - l)?
7, 11
Let u = 131 - 127. What are the prime factors of ((-3)/u)/(6/(-2376))?
3, 11
Let o(c) = 62*c - 120. Let b be o(2). Suppose -5*j - b*v = -8*v - 540, 0 = -2*j + 3*v + 216. What are the prime factors of j?
2, 3
Let l be (-190)/(-62) + (-252)/62 + 4. Let m = 47 + -28. Suppose 5*h = -2*k + 21, 22 + m = l*k - 2*h. List the prime factors of k.
13
Let z(t) be the first der